{"id":63,"date":"2025-01-13T03:53:52","date_gmt":"2025-01-13T03:53:52","guid":{"rendered":"https:\/\/datarecaudo.com\/tienda\/?post_type=product&#038;p=63"},"modified":"2025-03-29T17:35:19","modified_gmt":"2025-03-29T17:35:19","slug":"investigacion-de-bienes","status":"publish","type":"product","link":"https:\/\/datarecaudo.com\/tienda\/producto\/investigacion-de-bienes\/","title":{"rendered":"INVESTIGACI\u00d3N DE BIENES: Bienes muebles, veh\u00edculos, cuentas de ahorro"},"content":{"rendered":"<p>La investigaci\u00f3n de bienes es un servicio especializado que permite localizar activos ocultos o no declarados de personas o empresas, como propiedades, veh\u00edculos, cuentas bancarias y otros bienes embargables. Este proceso es esencial en casos de cobro de deudas, procesos judiciales, divorcios, herencias y fraudes, ayudando a recuperar dinero o garantizar el cumplimiento de obligaciones legales. Con nuestra investigaci\u00f3n, te brindamos la informaci\u00f3n que necesitas para tomar acciones efectivas y proteger tu patrimonio.<\/p>\n<h5 class=\"text-primary mb-4\">\u00a1Recupera lo que te pertenece de forma r\u00e1pida y segura!<\/h5>\n<h5>\u00bfQu\u00e9 informaci\u00f3n te entregamos?<\/h5>\n<div class=\"d-flex text-white\">\n<ul>\n<li class=\"ps-4\">Bienes muebles (Casas, oficinas, edificios)<\/li>\n<li class=\"ps-4\">Veh\u00edculos (Carros, motocicletas, maquinaria amarilla)<\/li>\n<li class=\"ps-4\">Cuentas de ahorro y cuentas corriente<\/li>\n<li class=\"ps-4\">Establecimientos de comercio registrados<\/li>\n<\/ul>\n<h5 class=\"text-primary mb-4\">\u00bfCu\u00e1ndo puedes hacer una investigaci\u00f3n bienes?<\/h5>\n<ul>\n<li class=\"ps-4\">Cobro de deudas impagas<\/li>\n<li class=\"ps-4\">Proceso judicial de embargo<\/li>\n<li class=\"ps-4\">Divorcios o separaciones<\/li>\n<li class=\"ps-4\">Sucesiones y herencias<\/li>\n<li class=\"ps-4\">Investigaci\u00f3n de fraudes o estafas<\/li>\n<li class=\"ps-4\">Investigaciones empresariales<\/li>\n<li class=\"ps-4\">Garant\u00eda de pr\u00e9stamos<\/li>\n<li class=\"ps-4\">Acciones legales por incumplimiento de contratos<\/li>\n<li class=\"ps-4\">Reclamaciones por da\u00f1os o indemnizaciones<\/li>\n<li class=\"ps-4\">Disputas comerciales<\/li>\n<li>Resoluci\u00f3n de insolvencias o quiebras<\/li>\n<\/ul>\n<\/div>\n","protected":false},"excerpt":{"rendered":"<p>La investigaci\u00f3n de bienes es un servicio especializado que permite localizar activos ocultos o no declarados de personas o empresas, como propiedades, veh\u00edculos, cuentas bancarias y otros bienes embargables.<\/p>\n","protected":false},"featured_media":1374,"comment_status":"open","ping_status":"closed","template":"","meta":{"_kadence_starter_templates_imported_post":false,"_kad_post_transparent":"default","_kad_post_title":"","_kad_post_layout":"default","_kad_post_sidebar_id":"","_kad_post_content_style":"default","_kad_post_vertical_padding":"default","_kad_post_feature":"","_kad_post_feature_position":"","_kad_post_header":false,"_kad_post_footer":false,"_joinchat":[]},"product_cat":[15],"product_tag":[],"class_list":{"0":"post-63","1":"product","2":"type-product","3":"status-publish","4":"has-post-thumbnail","6":"product_cat-sin-categorizar","8":"first","9":"instock","10":"shipping-taxable","11":"purchasable","12":"product-type-simple","13":"entry","14":"content-bg","15":"loop-entry"},"_links":{"self":[{"href":"https:\/\/datarecaudo.com\/tienda\/wp-json\/wp\/v2\/product\/63","targetHints":{"allow":["GET"]}}],"collection":[{"href":"https:\/\/datarecaudo.com\/tienda\/wp-json\/wp\/v2\/product"}],"about":[{"href":"https:\/\/datarecaudo.com\/tienda\/wp-json\/wp\/v2\/types\/product"}],"replies":[{"embeddable":true,"href":"https:\/\/datarecaudo.com\/tienda\/wp-json\/wp\/v2\/comments?post=63"}],"wp:featuredmedia":[{"embeddable":true,"href":"https:\/\/datarecaudo.com\/tienda\/wp-json\/wp\/v2\/media\/1374"}],"wp:attachment":[{"href":"https:\/\/datarecaudo.com\/tienda\/wp-json\/wp\/v2\/media?parent=63"}],"wp:term":[{"taxonomy":"product_cat","embeddable":true,"href":"https:\/\/datarecaudo.com\/tienda\/wp-json\/wp\/v2\/product_cat?post=63"},{"taxonomy":"product_tag","embeddable":true,"href":"https:\/\/datarecaudo.com\/tienda\/wp-json\/wp\/v2\/product_tag?post=63"}],"curies":[{"name":"wp","href":"https:\/\/api.w.org\/{rel}","templated":true}]}}