{"id":1278,"date":"2025-01-21T21:03:42","date_gmt":"2025-01-21T21:03:42","guid":{"rendered":"https:\/\/datarecaudo.com\/tienda\/?post_type=product&#038;p=1278"},"modified":"2025-03-05T01:18:48","modified_gmt":"2025-03-05T01:18:48","slug":"informacion-registral-o-notarial","status":"publish","type":"product","link":"https:\/\/datarecaudo.com\/tienda\/producto\/informacion-registral-o-notarial\/","title":{"rendered":"INFORMACI\u00d3N REGISTRAL O NOTARIAL"},"content":{"rendered":"<p><span lang=\"ES-CO\">La <strong>b\u00fasqueda registral y notarial<\/strong> permite localizar informaci\u00f3n legal sobre personas y sus v\u00ednculos familiares a trav\u00e9s de registros oficiales. Este servicio es clave para identificar <strong>padres, hermanos, hijos u otros familiares<\/strong> en casos de demandas, recuperaci\u00f3n de cartera, sucesiones y herencias, garantizando informaci\u00f3n confiable para tr\u00e1mites legales y patrimoniales.<\/span><\/p>\n<p><strong><span lang=\"ES-CO\">\u00a1Encuentra la informaci\u00f3n que necesitas para resolver asuntos legales y patrimoniales con seguridad y precisi\u00f3n!<\/span><\/strong><\/p>\n<h5>\u00bfQu\u00e9 informaci\u00f3n te entregamos?<\/h5>\n<div class=\"d-flex text-white\">\n<ul>\n<li>Nombre de familiares<\/li>\n<li>Identificaci\u00f3n de familiares\n<ul>\n<li>Con esta informaci\u00f3n se puede acceder a las dem\u00e1s consultas disponibles<\/li>\n<\/ul>\n<\/li>\n<\/ul>\n<h5><strong>\u00bfCu\u00e1ndo puedes hacer una <span lang=\"ES-CO\">b\u00fasqueda registral y notarial<\/span>?<\/strong><\/h5>\n<ul>\n<li>Ubicaci\u00f3n de Familiares para Demandas o Tr\u00e1mites Legales<\/li>\n<li>Detecci\u00f3n de Beneficiarios en Procesos de Seguro o Indemnizaci\u00f3n<\/li>\n<li>Investigaciones en Sucesiones y Herencias<\/li>\n<li>Verificaci\u00f3n de V\u00ednculos de Parentesco<\/li>\n<li>Investigaci\u00f3n de Personas en Casos de Testamentos y Donaciones<\/li>\n<li>B\u00fasqueda de Padres o Hijos en Casos de Reconocimiento Legal<\/li>\n<li>Confirmaci\u00f3n de Identidad<\/li>\n<li>Investigaci\u00f3n de Antecedentes en Negocios o Sucesiones<\/li>\n<li>Seguimiento de Cambios en Registros P\u00fablicos<\/li>\n<li>Ejecuci\u00f3n de Demandas por Pensi\u00f3n Alimentaria<\/li>\n<li>Prevenci\u00f3n de Fraudes en Tr\u00e1mites de Herencia<\/li>\n<\/ul>\n<\/div>\n","protected":false},"excerpt":{"rendered":"<p><span lang=\"ES-CO\">La <strong>b\u00fasqueda registral y notarial<\/strong> permite localizar informaci\u00f3n legal sobre personas y sus v\u00ednculos familiares a trav\u00e9s de registros oficiales. Este servicio es clave para identificar <strong>padres, hermanos, hijos u otros familiares<\/strong><\/span><\/p>\n","protected":false},"featured_media":1305,"comment_status":"open","ping_status":"closed","template":"","meta":{"_kadence_starter_templates_imported_post":false,"_kad_post_transparent":"default","_kad_post_title":"","_kad_post_layout":"default","_kad_post_sidebar_id":"","_kad_post_content_style":"default","_kad_post_vertical_padding":"default","_kad_post_feature":"","_kad_post_feature_position":"","_kad_post_header":false,"_kad_post_footer":false,"_joinchat":[]},"product_cat":[15],"product_tag":[],"class_list":{"0":"post-1278","1":"product","2":"type-product","3":"status-publish","4":"has-post-thumbnail","6":"product_cat-sin-categorizar","8":"first","9":"instock","10":"shipping-taxable","11":"purchasable","12":"product-type-simple","13":"entry","14":"content-bg","15":"loop-entry"},"_links":{"self":[{"href":"https:\/\/datarecaudo.com\/tienda\/wp-json\/wp\/v2\/product\/1278","targetHints":{"allow":["GET"]}}],"collection":[{"href":"https:\/\/datarecaudo.com\/tienda\/wp-json\/wp\/v2\/product"}],"about":[{"href":"https:\/\/datarecaudo.com\/tienda\/wp-json\/wp\/v2\/types\/product"}],"replies":[{"embeddable":true,"href":"https:\/\/datarecaudo.com\/tienda\/wp-json\/wp\/v2\/comments?post=1278"}],"wp:featuredmedia":[{"embeddable":true,"href":"https:\/\/datarecaudo.com\/tienda\/wp-json\/wp\/v2\/media\/1305"}],"wp:attachment":[{"href":"https:\/\/datarecaudo.com\/tienda\/wp-json\/wp\/v2\/media?parent=1278"}],"wp:term":[{"taxonomy":"product_cat","embeddable":true,"href":"https:\/\/datarecaudo.com\/tienda\/wp-json\/wp\/v2\/product_cat?post=1278"},{"taxonomy":"product_tag","embeddable":true,"href":"https:\/\/datarecaudo.com\/tienda\/wp-json\/wp\/v2\/product_tag?post=1278"}],"curies":[{"name":"wp","href":"https:\/\/api.w.org\/{rel}","templated":true}]}}