{"id":1274,"date":"2025-01-21T20:57:27","date_gmt":"2025-01-21T20:57:27","guid":{"rendered":"https:\/\/datarecaudo.com\/tienda\/?post_type=product&#038;p=1274"},"modified":"2025-03-05T01:21:12","modified_gmt":"2025-03-05T01:21:12","slug":"inmuebles","status":"publish","type":"product","link":"https:\/\/datarecaudo.com\/tienda\/producto\/inmuebles\/","title":{"rendered":"INMUEBLES"},"content":{"rendered":"<p><span lang=\"ES-CO\">Nuestro servicio de <strong>b\u00fasqueda de inmuebles<\/strong> te permite identificar propiedades registradas a nombre de personas o empresas, proporcionando informaci\u00f3n clave para procesos judiciales, embargos, recuperaci\u00f3n de cartera y an\u00e1lisis patrimonial. Con datos precisos y actualizados, facilitamos la toma de decisiones estrat\u00e9gicas en negocios, litigios y estudios de patrimonio.<\/span><\/p>\n<p><strong><span lang=\"ES-CO\">\u00a1Descubre, protege y recupera activos con informaci\u00f3n confiable y verificada!<\/span><\/strong><\/p>\n<h5>\u00bfQu\u00e9 informaci\u00f3n te entregamos?<\/h5>\n<div class=\"d-flex text-white\">\n<ul>\n<li><strong>Matricula inmobiliaria<\/strong><\/li>\n<li><strong>Direcci\u00f3n<\/strong><\/li>\n<li><strong>Ciudad<\/strong><\/li>\n<\/ul>\n<h5><strong>\u00bfCu\u00e1ndo puedes hacer una <span lang=\"ES-CO\">b\u00fasqueda de inmuebles<\/span>?<\/strong><\/h5>\n<ul>\n<li>Embargos y Recuperaci\u00f3n de Cartera Perdida<\/li>\n<li>Ejecuci\u00f3n de Demandas y Procesos Legales<\/li>\n<li>Investigaci\u00f3n de Activos Ocultos<\/li>\n<li>An\u00e1lisis de Patrimonio para Negocios e Inversiones<\/li>\n<li>Verificaci\u00f3n de Propiedad en Procesos de Sucesi\u00f3n o Divorcio<\/li>\n<li>Seguimiento de Bienes en Casos de Fraude o Evasi\u00f3n Fiscal<\/li>\n<li>Evaluaci\u00f3n de Solvencia para Cr\u00e9ditos y Alianzas Comerciales<\/li>\n<li>Prevenci\u00f3n de P\u00e9rdidas en Negocios de Arrendamiento y Leasing<\/li>\n<li>Ubicaci\u00f3n de Activos en Procesos de Liquidaci\u00f3n de Empresas<\/li>\n<li>Monitoreo de Movimientos Patrimoniales de Deudores<\/li>\n<li>Optimizaci\u00f3n de Estrategias de Cobranza<\/li>\n<li>Investigaciones Privadas y de Inteligencia Financiera<\/li>\n<li>Verificaci\u00f3n de Autenticidad en Compra y Venta de Inmuebles<\/li>\n<li>Auditor\u00edas de Activos<\/li>\n<\/ul>\n<\/div>\n","protected":false},"excerpt":{"rendered":"<p><span lang=\"ES-CO\">Nuestro servicio de <strong>b\u00fasqueda de inmuebles<\/strong> te permite identificar propiedades registradas a nombre de personas o empresas, proporcionando informaci\u00f3n clave para procesos judiciales, embargos, recuperaci\u00f3n de cartera y an\u00e1lisis patrimonial<\/span><\/p>\n","protected":false},"featured_media":1298,"comment_status":"open","ping_status":"closed","template":"","meta":{"_kadence_starter_templates_imported_post":false,"_kad_post_transparent":"default","_kad_post_title":"","_kad_post_layout":"default","_kad_post_sidebar_id":"","_kad_post_content_style":"default","_kad_post_vertical_padding":"default","_kad_post_feature":"","_kad_post_feature_position":"","_kad_post_header":false,"_kad_post_footer":false,"_joinchat":[]},"product_cat":[15],"product_tag":[],"class_list":{"0":"post-1274","1":"product","2":"type-product","3":"status-publish","4":"has-post-thumbnail","6":"product_cat-sin-categorizar","8":"first","9":"instock","10":"shipping-taxable","11":"purchasable","12":"product-type-simple","13":"entry","14":"content-bg","15":"loop-entry"},"_links":{"self":[{"href":"https:\/\/datarecaudo.com\/tienda\/wp-json\/wp\/v2\/product\/1274","targetHints":{"allow":["GET"]}}],"collection":[{"href":"https:\/\/datarecaudo.com\/tienda\/wp-json\/wp\/v2\/product"}],"about":[{"href":"https:\/\/datarecaudo.com\/tienda\/wp-json\/wp\/v2\/types\/product"}],"replies":[{"embeddable":true,"href":"https:\/\/datarecaudo.com\/tienda\/wp-json\/wp\/v2\/comments?post=1274"}],"wp:featuredmedia":[{"embeddable":true,"href":"https:\/\/datarecaudo.com\/tienda\/wp-json\/wp\/v2\/media\/1298"}],"wp:attachment":[{"href":"https:\/\/datarecaudo.com\/tienda\/wp-json\/wp\/v2\/media?parent=1274"}],"wp:term":[{"taxonomy":"product_cat","embeddable":true,"href":"https:\/\/datarecaudo.com\/tienda\/wp-json\/wp\/v2\/product_cat?post=1274"},{"taxonomy":"product_tag","embeddable":true,"href":"https:\/\/datarecaudo.com\/tienda\/wp-json\/wp\/v2\/product_tag?post=1274"}],"curies":[{"name":"wp","href":"https:\/\/api.w.org\/{rel}","templated":true}]}}